 Let q = 5 + g. What is v(q)?
8
Let z be (4/10)/(3/(-15)). Let t(m) = -2*m**2 + 2*m**2 - 2*m + 3*m - m**2 + 1. Determine t(z).
-5
Let h(x) be the first derivative of x**3/3 + 11*x**2/2 + 14*x - 18. Give h(-10).
4
Let w(t) = t**3 - 3*t**2 - 2*t + 2. Let n(u) = u**2 - 10*u + 12. Let q be n(9). Suppose 0*x = q*x - 9. Suppose x*h = 3*z + 6, -2*h + 4 = z - 3. Give w(h).
-4
Let l(c) = -c**2 - c + 7. Let k be 0*((-7)/(-3) + -2). Determine l(k).
7
Let o be (-20)/(-2)*2/(-4). Suppose -4*v - 3*y + 13 + 1 = 0, 0 = 5*y - 10. Let f(g) = -g**2 - 8*g - 4 - 5 + v. What is f(o)?
8
Let v(m) be the third derivative of -m**6/720 + m**5/10 - 5*m**4/24 + 5*m**2. Let i(r) be the second derivative of v(r). Determine i(0).
12
Let u(l) = -l**2 + l - 3. Suppose -1 = -9*v - 1. What is u(v)?
-3
Suppose 4*a + r + 0*r = 39, -5*a + r = -51. Suppose a - 30 = 5*t. Let n(y) = -y**2 - 3*y + 3. What is n(t)?
-1
Let g(c) = 6*c - 3*c - 1 - 4*c. Let o be -4*(0 + 0 + -1). Suppose -m = o*m. Give g(m).
-1
Let y(g) = -g**3 + 11*g**2 - 9*g - 7. Let o be y(10). Let k(v) = -v**2 - 2*v - 3. Let u(q) = -q - 1. Let l(c) = -k(c) + 5*u(c). What is l(o)?
-2
Suppose 4*a + 11 = -21. Let v be ((-3)/(-2))/((-6)/a). Let j(h) be the first derivative of -h**3/3 + h**2 + 2*h - 1. Calculate j(v).
2
Let j(l) = -2 - 21*l + 4 + 24*l. Give j(-6).
-16
Let y be ((-3)/(-4))/(4/16). Let w(p) be the third derivative of 0 - 1/12*p**4 + 0*p + 1/60*p**5 - 1/3*p**y - p**2. Give w(3).
1
Let l = 8 + -2. Let h be l/(-24) - 9/(-4). Let y(b) = -h*b - 2 - 3*b**2 - 3*b + 4*b + 4*b**2. Calculate y(-2).
4
Let b(a) = a**3 - 4*a**2 - 6*a - 6. Let z = -4 + 14. Suppose 2*w = 4*w - z. Give b(w).
-11
Let r(p) = -2*p**2 + 6*p. Let m = 6 + 2. Suppose -s - s = -m. Determine r(s).
-8
Let z(q) = 2*q - 7. Suppose t + t - x - 4 = 0, -t - 2*x - 3 = 0. Let y be t - 1/2*-14. Determine z(y).
9
Let u(v) = -9*v + 17*v**2 - 1 + 6 - v**3 - 10*v**2. Suppose 0*k - 4*k = -24. What is u(k)?
-13
Let n(s) = -2*s + 1. Let l(y) = -y. Let w(x) = 14*l(x) - 6*n(x). Let b = 57 + -37. Suppose 0 = -7*a + 2*a - b. What is w(a)?
2
Let c(a) be the second derivative of 1/120*a**6 + 1/24*a**4 + 0 + 0*a**5 + 1/6*a**3 - a + 0*a**2. Let m(z) be the second derivative of c(z). What is m(-1)?
4
Suppose -55 + 80 = -5*r. Let w(a) = a**2 - a + 2. Suppose 0 = 4*k + 6 - 2. Let s(o) = -o. Let j(u) = k*w(u) + 6*s(u). Determine j(r).
-2
Let r = 3 + -5. Let c(a) be the first derivative of -a**3/3 + a**2/2 + 2*a + 24. Calculate c(r).
-4
Suppose -9*g = -4*g - 15. Let u(t) = -2*t**2 + 2*t + 2. What is u(g)?
-10
Let d(k) = k - 3. Let g be (-2 - -1 - 5)*-1. Suppose -g = -0*y + y. Let o(z) = -z**2 - 6*z - 3. Let s be o(y). Give d(s).
-6
Let o(h) be the first derivative of h**3/3 + 3*h**2 - 2*h + 9. Determine o(-7).
5
Suppose -16 = -4*t + 4. Let j(o) = -2 - 43*o + t + 48*o + o**2. Calculate j(-4).
-1
Let v(z) = -z**2 + 4*z + 2. Let s be v(4). Let h(m) = -3*m**2 + 6*m**2 + s*m + 1 + m**3 - 2 + 0*m**3. Calculate h(-2).
-1
Let t(u) = -u**3 - 4*u**2 + 6*u + 6. Let p be (2 - (1 - 2)) + -8. Determine t(p).
1
Let h(p) be the second derivative of -1/3*p**4 + 0*p**3 + 3/2*p**2 + 5*p + 0 + 1/20*p**5. Let l(s) = -s**2 + 6*s - 5. Let r be l(4). Calculate h(r).
-6
Let t(n) = 2*n**3 - 17*n**2 + 4*n - 7. Let s(p) = p**3 - 9*p**2 + 2*p - 3. Let b(v) = -5*s(v) + 3*t(v). Let j = 13 + -7. What is b(j)?
6
Let g(u) = u**2. Let i(m) = 3*m**2 + 2*m - 7. Let z(l) = 2*g(l) - i(l). What is z(-6)?
-17
Let b(h) be the first derivative of 3*h**2/2 + 6*h + 4. Suppose -4*t - 2*o + 77 = -o, 2*o = -5*t + 94. Suppose 0*n + t = -5*n. Calculate b(n).
-6
Let m(l) be the third derivative of -l**5/60 + l**4/8 + l**2. Let k be (1 + (0 - -1))/(-2). Let r = 3 - k. Calculate m(r).
-4
Let a(t) = -t**3 - 6*t**2 + 8*t + 5. Let y(q) = q - 2. Let o be y(-5). Determine a(o).
-2
Let h(l) = l**3 + l**2 + 1. Let d be 1/(-5) - 21/(-5). Suppose y + 6 = d*y. Suppose y*r = -3*r. Calculate h(r).
1
Let q = -84 - -88. Let n(s) = -s**3 - 3*s + 0 + 4*s**2 + 2 + 0*s**3. Determine n(q).
-10
Let o(u) = u**3 - 8*u**2 - 8*u - 12. Suppose 0 = 5*n + 2*d - 6*d - 61, n + 4*d + 7 = 0. Let m be o(n). Let p(l) = -4 - 5 + l**2 + 2*l + 5. Determine p(m).
-1
Let v(b) be the first derivative of -5 - b**2 - 1/3*b**3 + 0*b. Let g be (-2)/(-4) - (-14)/(-4). What is v(g)?
-3
Suppose 0 = 2*o + 5*f + 8, o + 7*f + 6 = 4*f. Let i(l) = 4*l**2 + 6*l - 4. Let z(y) = y**2 - 1. Let p(w) = -i(w) + 5*z(w). What is p(o)?
-1
Let i(n) = n**3 - 5*n**2 + 6*n - 6. Let h = 27 + -17. Let w = h + -6. What is i(w)?
2
Let a(h) = h**3 - 3*h**2 - 5*h + 1. Let o(b) = -2 + 3 + 4*b - 3 - 11*b - b**2. Let r be o(-6). What is a(r)?
-3
Let y(r) = 0 - 9*r - 2 - r**2 + 0*r**2 - 1. Let c be y(-8). Let n(l) = -c*l + 2*l + 2*l - 2. Give n(3).
-5
Let n(d) = 3*d**2 + 8*d - 3. Let t(j) = 7*j**2 + 17*j - 6. Let o = 17 + -26. Let y(z) = o*n(z) + 4*t(z). Calculate y(4).
3
Let g = 22 + -16. Let x(d) = -3*d + 1. Determine x(g).
-17
Suppose 5 = -5*h - 20. Let v(x) = -4*x + 1. What is v(h)?
21
Let d(x) = -x + 17. Let c(o) = 2*o - 33. Let w(f) = -2*c(f) - 5*d(f). Give w(0).
-19
Let q(m) = 2*m**3 - 19*m**2 - 13*m - 9. Let j(w) = -w**3 + 9*w**2 + 6*w + 4. Let v(b) = -9*j(b) - 4*q(b). Calculate v(5).
-10
Let j be 2 - (-4)/((-12)/33). Let c(m) = -m - 6. What is c(j)?
3
Let i(n) = 6*n**3 - 2*n**2 - 7*n - 11. Let a(s) = -7*s**3 + 3*s**2 + 7*s + 12. Let b(x) = -5*a(x) - 6*i(x). Give b(-4).
-6
Let c(f) be the second derivative of -4*f + 1/6*f**3 - f**2 + 0. Give c(4).
2
Let x(k) = -2 + 19*k - 8*k - 9*k. Calculate x(3).
4
Let y(h) = h**2 - 2*h - 1. Let a be y(2). Let z(r) = 5*r - 1. Calculate z(a).
-6
Suppose -4*m - 11 - 5 = 0. Let q(o) = -o**2 - 5*o - 2. What is q(m)?
2
Let q(w) = 11*w**2 + 29*w + 9. Let p(f) = 4*f**2 + 10*f + 3. Let y(u) = 17*p(u) - 6*q(u). Determine y(-2).
13
Suppose 0 + 6 = 3*n. Let r(x) = 3 + 6*x**2 + x**3 - 4*x + 5*x - 2*x**n. Give r(-4).
-1
Let z(c) be the first derivative of -c**3/3 - 3*c**2 + 10*c + 154. Suppose -2*h - 43 = 5*m, 4*m + h = 7*m + 17. Determine z(m).
3
Let b be (-1 - -2) + 9/3. Suppose g = 5*g + b. Let n(c) = 6*c + 1. Calculate n(g).
-5
Let k(t) = t**3 - 5*t**2 + 5. Let z be (16/(-20))/(2/5). Let j = z + 7. What is k(j)?
5
Suppose 20 = -2*q + 5*m - 3, -2*q - 5*m + 27 = 0. Suppose q = 3*w - 2. Let c(y) = 3*y - 5 + w - 6*y + 3. What is c(-2)?
5
Let w(l) = -l**3 + l**2 + 2*l + 3. Let n = -10 - -9. Let t(x) = -x - 1. Let j(q) = n*w(q) - 3*t(q). Give j(2).
6
Let p(l) = -7*l - l**3 + l**2 - 4*l + 6 + 4*l - 11*l**2. What is p(-9)?
-12
Let q(m) = -2*m + 5. Let j be (-6)/2*(8 - -1). Let l be j/(-15) + 1/5. Suppose 5*u - 3 = -l*z, 2*z - 4*z + 3*u = -11. Determine q(z).
-3
Let s(p) = -2*p**3 - 8*p + 4. Let k = 5 + -1. Let f(r) = 3*r**3 + r**2 + 9*r - 5. Let d(v) = k*s(v) + 3*f(v). Give d(-4).
5
Let v(c) be the first derivative of -c**3/3 - 3*c**2 - 3*c - 12. Determine v(-5).
2
Let w(i) = -5*i + 6*i - 8*i + 1. Determine w(-1).
8
Let b(g) = 5*g. Let h be ((-1)/(-4))/((-1)/4). Determine b(h).
-5
Let t(a) = -4*a**2 + 3*a - 1. Let l(k) = 9*k**2 - 5*k + 2. Let d(b) = 2*l(b) + 5*t(b). Let f(v) = -v**2 + 5*v. Let q(x) = -2*d(x) + 3*f(x). Calculate q(-4).
-2
Let q(b) = -b**2 + 4*b + 3. Let z be q(4). Let y(c) = -c**z - 4 - c**3 + 2*c**3 + c**3 - 5*c**2. What is y(5)?
-4
Let q(m) be the first derivative of -8*m**3/3 - m - 13. Suppose -5*c + 2*c - 3 = 0. Determine q(c).
-9
Let q(k) = -4 - 4*k - 6*k + 4. Calculate q(-1).
10
Let m(f) = -f**2 + 7*f - 3. Suppose -5*z + 35 = -q, -3*q = 3*z - q - 8. Determine m(z).
3
Suppose -4*w + 12 = d, -7*w + 3*w = -d - 12. Let z = -5 + d. Let t(p) = p + 11. Let r(a) = -2*a - 21. Let l(g) = 4*r(g) + 7*t(g). Calculate l(z).
-2
Let u be (3/1)/(6/4). Let i(z) = 2*z - 1. Let b be i(u). Let v(h) = -3*h + 5. Let o(f) = -4*f + 5. Let m(l) = b*v(l) - 2*o(l). What is m(5)?
0
Let j(w) be the first derivative of -w**2/2 + 7*w + 39. What is j(0)?
7
Let b(l) = 5*l**2 - 4*l - 7. Suppose 0 = -4*f - 2*n, -1 = -2*f + 5*n + 23. Let h(u) = -f*u - 7 + 3 + u**2 + 2*u**2. Let a(q) = -4*b(q) + 7*h(q). What is a(-2)?
0
Let k(b) = -b + 1. Let q(g) = 5*g - 5. Let t(r) = -11*k(r) - 2*q(r). Let l = 3 + -2. Let c(i) = i. Let m(o) = l*t(o) + c(o). Calculate m(3).
5
Let o(s) = s**2 + 4*s - 7. Let h be o(-6). Suppose d - 15 = -2*v - 5, -h*d + 2*v = -14. Let m(g) = g**3 + 0 - d*g**2 + 3*g - 2*g + 4